{"id":3348,"date":"2025-12-25T15:36:31","date_gmt":"2025-12-25T15:36:31","guid":{"rendered":"https:\/\/dev.windpassenger.pt\/?post_type=galeria&#038;p=3348"},"modified":"2025-12-26T09:18:34","modified_gmt":"2025-12-26T09:18:34","slug":"porto","status":"publish","type":"galeria","link":"https:\/\/windpassenger.pt\/en\/galeria\/porto\/","title":{"rendered":"Porto"},"content":{"rendered":"\n<p>Lorem ipsum dolor sit amet, consectetur adipiscing elit, sed do eiusmod tempor incididunt ut labore et dolore magna aliqua. Ut enim ad minim veniam, quis nostrud exercitation ullamco laboris nisi ut aliquip ex ea commodo consequat. Duis aute irure dolor in reprehenderit in voluptate velit esse cillum dol.<\/p>\n","protected":false},"featured_media":3451,"template":"","galeria-category":[71],"class_list":["post-3348","galeria","type-galeria","status-publish","has-post-thumbnail","hentry","galeria-category-zonas-de-voo"],"yoast_head":"<!-- This site is optimized with the Yoast SEO Premium plugin v27.4 (Yoast SEO v27.4) - https:\/\/yoast.com\/product\/yoast-seo-premium-wordpress\/ -->\n<title>Porto - Windpassenger<\/title>\n<meta name=\"robots\" content=\"index, follow, max-snippet:-1, max-image-preview:large, max-video-preview:-1\" \/>\n<link rel=\"canonical\" href=\"https:\/\/windpassenger.pt\/en\/galeria\/porto\/\" \/>\n<meta property=\"og:locale\" content=\"en_US\" \/>\n<meta property=\"og:type\" content=\"article\" \/>\n<meta property=\"og:title\" content=\"Porto\" \/>\n<meta property=\"og:description\" content=\"Lorem ipsum dolor sit amet, consectetur adipiscing elit, sed do eiusmod tempor incididunt ut labore et dolore magna aliqua. Ut enim ad minim veniam, quis nostrud exercitation ullamco laboris nisi ut aliquip ex ea commodo consequat. Duis aute irure dolor in reprehenderit in voluptate velit esse cillum dol.\" \/>\n<meta property=\"og:url\" content=\"https:\/\/windpassenger.pt\/en\/galeria\/porto\/\" \/>\n<meta property=\"og:site_name\" content=\"Windpassenger\" \/>\n<meta property=\"article:publisher\" content=\"https:\/\/www.facebook.com\/windpassenger\" \/>\n<meta property=\"article:modified_time\" content=\"2025-12-26T09:18:34+00:00\" \/>\n<meta property=\"og:image\" content=\"https:\/\/windpassenger.pt\/wp-content\/uploads\/2025\/12\/Porto-Feature-IMG.png\" \/>\n\t<meta property=\"og:image:width\" content=\"399\" \/>\n\t<meta property=\"og:image:height\" content=\"447\" \/>\n\t<meta property=\"og:image:type\" content=\"image\/png\" \/>\n<meta name=\"twitter:card\" content=\"summary_large_image\" \/>\n<script type=\"application\/ld+json\" class=\"yoast-schema-graph\">{\"@context\":\"https:\\\/\\\/schema.org\",\"@graph\":[{\"@type\":\"WebPage\",\"@id\":\"https:\\\/\\\/windpassenger.pt\\\/en\\\/galeria\\\/porto\\\/\",\"url\":\"https:\\\/\\\/windpassenger.pt\\\/en\\\/galeria\\\/porto\\\/\",\"name\":\"Porto - Windpassenger\",\"isPartOf\":{\"@id\":\"https:\\\/\\\/windpassenger.pt\\\/en\\\/#website\"},\"primaryImageOfPage\":{\"@id\":\"https:\\\/\\\/windpassenger.pt\\\/en\\\/galeria\\\/porto\\\/#primaryimage\"},\"image\":{\"@id\":\"https:\\\/\\\/windpassenger.pt\\\/en\\\/galeria\\\/porto\\\/#primaryimage\"},\"thumbnailUrl\":\"https:\\\/\\\/windpassenger.pt\\\/wp-content\\\/uploads\\\/2025\\\/12\\\/Porto-Feature-IMG.png\",\"datePublished\":\"2025-12-25T15:36:31+00:00\",\"dateModified\":\"2025-12-26T09:18:34+00:00\",\"breadcrumb\":{\"@id\":\"https:\\\/\\\/windpassenger.pt\\\/en\\\/galeria\\\/porto\\\/#breadcrumb\"},\"inLanguage\":\"en-US\",\"potentialAction\":[{\"@type\":\"ReadAction\",\"target\":[\"https:\\\/\\\/windpassenger.pt\\\/en\\\/galeria\\\/porto\\\/\"]}]},{\"@type\":\"ImageObject\",\"inLanguage\":\"en-US\",\"@id\":\"https:\\\/\\\/windpassenger.pt\\\/en\\\/galeria\\\/porto\\\/#primaryimage\",\"url\":\"https:\\\/\\\/windpassenger.pt\\\/wp-content\\\/uploads\\\/2025\\\/12\\\/Porto-Feature-IMG.png\",\"contentUrl\":\"https:\\\/\\\/windpassenger.pt\\\/wp-content\\\/uploads\\\/2025\\\/12\\\/Porto-Feature-IMG.png\",\"width\":399,\"height\":447},{\"@type\":\"BreadcrumbList\",\"@id\":\"https:\\\/\\\/windpassenger.pt\\\/en\\\/galeria\\\/porto\\\/#breadcrumb\",\"itemListElement\":[{\"@type\":\"ListItem\",\"position\":1,\"name\":\"Home\",\"item\":\"https:\\\/\\\/windpassenger.pt\\\/\"},{\"@type\":\"ListItem\",\"position\":2,\"name\":\"Galeria\",\"item\":\"https:\\\/\\\/windpassenger.pt\\\/galeria\\\/\"},{\"@type\":\"ListItem\",\"position\":3,\"name\":\"Porto\"}]},{\"@type\":\"WebSite\",\"@id\":\"https:\\\/\\\/windpassenger.pt\\\/en\\\/#website\",\"url\":\"https:\\\/\\\/windpassenger.pt\\\/en\\\/\",\"name\":\"Windpassenger | Viagens de bal\u00e3o de ar quente Portugal\",\"description\":\"\",\"publisher\":{\"@id\":\"https:\\\/\\\/windpassenger.pt\\\/en\\\/#organization\"},\"potentialAction\":[{\"@type\":\"SearchAction\",\"target\":{\"@type\":\"EntryPoint\",\"urlTemplate\":\"https:\\\/\\\/windpassenger.pt\\\/en\\\/?s={search_term_string}\"},\"query-input\":{\"@type\":\"PropertyValueSpecification\",\"valueRequired\":true,\"valueName\":\"search_term_string\"}}],\"inLanguage\":\"en-US\"},{\"@type\":\"Organization\",\"@id\":\"https:\\\/\\\/windpassenger.pt\\\/en\\\/#organization\",\"name\":\"Windpassenger\u00ae\",\"alternateName\":\"Windpassenger, Wind Passenger, Passageiros do Vento,\",\"url\":\"https:\\\/\\\/windpassenger.pt\\\/en\\\/\",\"logo\":{\"@type\":\"ImageObject\",\"inLanguage\":\"en-US\",\"@id\":\"https:\\\/\\\/windpassenger.pt\\\/en\\\/#\\\/schema\\\/logo\\\/image\\\/\",\"url\":\"https:\\\/\\\/windpassenger.pt\\\/wp-content\\\/uploads\\\/2025\\\/11\\\/logo-windpassenger-header.svg\",\"contentUrl\":\"https:\\\/\\\/windpassenger.pt\\\/wp-content\\\/uploads\\\/2025\\\/11\\\/logo-windpassenger-header.svg\",\"width\":122.51699999999999590727384202182292938232421875,\"height\":145.99799999999999045030563138425350189208984375,\"caption\":\"Windpassenger\u00ae\"},\"image\":{\"@id\":\"https:\\\/\\\/windpassenger.pt\\\/en\\\/#\\\/schema\\\/logo\\\/image\\\/\"},\"sameAs\":[\"https:\\\/\\\/www.facebook.com\\\/windpassenger\",\"https:\\\/\\\/www.instagram.com\\\/windpassenger\\\/\",\"https:\\\/\\\/www.youtube.com\\\/@windpassenger\"],\"description\":\"A Windpassenger\u00ae dedica-se \u00e0 realiza\u00e7\u00e3o de voos de bal\u00e3o de ar quente em Portugal, proporcionando experi\u00eancias exclusivas ao nascer do sol. Com elevados padr\u00f5es de seguran\u00e7a e uma vasta experi\u00eancia na opera\u00e7\u00e3o de voos comerciais, oferece viagens inesquec\u00edveis sobre paisagens ic\u00f3nicas como Alentejo, Monsaraz, Alqueva, Lisboa region, Coruche, Costa Azul, Alc\u00e1cer do Sal, Comporta, e a Algarve\",\"email\":\"geral@windpassenger.pt\",\"telephone\":\"(+351) 243 660 006\",\"legalName\":\"Windpassenger\u00ae | Passageiros do Vento Lda\",\"foundingDate\":\"2002-11-11\",\"vatID\":\"PT510523080\",\"numberOfEmployees\":{\"@type\":\"QuantitativeValue\",\"minValue\":\"1\",\"maxValue\":\"10\"}}]}<\/script>\n<!-- \/ Yoast SEO Premium plugin. -->","yoast_head_json":{"title":"Porto - Windpassenger","robots":{"index":"index","follow":"follow","max-snippet":"max-snippet:-1","max-image-preview":"max-image-preview:large","max-video-preview":"max-video-preview:-1"},"canonical":"https:\/\/windpassenger.pt\/en\/galeria\/porto\/","og_locale":"en_US","og_type":"article","og_title":"Porto","og_description":"Lorem ipsum dolor sit amet, consectetur adipiscing elit, sed do eiusmod tempor incididunt ut labore et dolore magna aliqua. Ut enim ad minim veniam, quis nostrud exercitation ullamco laboris nisi ut aliquip ex ea commodo consequat. Duis aute irure dolor in reprehenderit in voluptate velit esse cillum dol.","og_url":"https:\/\/windpassenger.pt\/en\/galeria\/porto\/","og_site_name":"Windpassenger","article_publisher":"https:\/\/www.facebook.com\/windpassenger","article_modified_time":"2025-12-26T09:18:34+00:00","og_image":[{"width":399,"height":447,"url":"https:\/\/windpassenger.pt\/wp-content\/uploads\/2025\/12\/Porto-Feature-IMG.png","type":"image\/png"}],"twitter_card":"summary_large_image","schema":{"@context":"https:\/\/schema.org","@graph":[{"@type":"WebPage","@id":"https:\/\/windpassenger.pt\/en\/galeria\/porto\/","url":"https:\/\/windpassenger.pt\/en\/galeria\/porto\/","name":"Porto - Windpassenger","isPartOf":{"@id":"https:\/\/windpassenger.pt\/en\/#website"},"primaryImageOfPage":{"@id":"https:\/\/windpassenger.pt\/en\/galeria\/porto\/#primaryimage"},"image":{"@id":"https:\/\/windpassenger.pt\/en\/galeria\/porto\/#primaryimage"},"thumbnailUrl":"https:\/\/windpassenger.pt\/wp-content\/uploads\/2025\/12\/Porto-Feature-IMG.png","datePublished":"2025-12-25T15:36:31+00:00","dateModified":"2025-12-26T09:18:34+00:00","breadcrumb":{"@id":"https:\/\/windpassenger.pt\/en\/galeria\/porto\/#breadcrumb"},"inLanguage":"en-US","potentialAction":[{"@type":"ReadAction","target":["https:\/\/windpassenger.pt\/en\/galeria\/porto\/"]}]},{"@type":"ImageObject","inLanguage":"en-US","@id":"https:\/\/windpassenger.pt\/en\/galeria\/porto\/#primaryimage","url":"https:\/\/windpassenger.pt\/wp-content\/uploads\/2025\/12\/Porto-Feature-IMG.png","contentUrl":"https:\/\/windpassenger.pt\/wp-content\/uploads\/2025\/12\/Porto-Feature-IMG.png","width":399,"height":447},{"@type":"BreadcrumbList","@id":"https:\/\/windpassenger.pt\/en\/galeria\/porto\/#breadcrumb","itemListElement":[{"@type":"ListItem","position":1,"name":"Home","item":"https:\/\/windpassenger.pt\/"},{"@type":"ListItem","position":2,"name":"Galeria","item":"https:\/\/windpassenger.pt\/galeria\/"},{"@type":"ListItem","position":3,"name":"Porto"}]},{"@type":"WebSite","@id":"https:\/\/windpassenger.pt\/en\/#website","url":"https:\/\/windpassenger.pt\/en\/","name":"Windpassenger | Viagens de bal\u00e3o de ar quente Portugal","description":"","publisher":{"@id":"https:\/\/windpassenger.pt\/en\/#organization"},"potentialAction":[{"@type":"SearchAction","target":{"@type":"EntryPoint","urlTemplate":"https:\/\/windpassenger.pt\/en\/?s={search_term_string}"},"query-input":{"@type":"PropertyValueSpecification","valueRequired":true,"valueName":"search_term_string"}}],"inLanguage":"en-US"},{"@type":"Organization","@id":"https:\/\/windpassenger.pt\/en\/#organization","name":"Windpassenger\u00ae","alternateName":"Windpassenger, Wind Passenger, Passageiros do Vento,","url":"https:\/\/windpassenger.pt\/en\/","logo":{"@type":"ImageObject","inLanguage":"en-US","@id":"https:\/\/windpassenger.pt\/en\/#\/schema\/logo\/image\/","url":"https:\/\/windpassenger.pt\/wp-content\/uploads\/2025\/11\/logo-windpassenger-header.svg","contentUrl":"https:\/\/windpassenger.pt\/wp-content\/uploads\/2025\/11\/logo-windpassenger-header.svg","width":122.51699999999999590727384202182292938232421875,"height":145.99799999999999045030563138425350189208984375,"caption":"Windpassenger\u00ae"},"image":{"@id":"https:\/\/windpassenger.pt\/en\/#\/schema\/logo\/image\/"},"sameAs":["https:\/\/www.facebook.com\/windpassenger","https:\/\/www.instagram.com\/windpassenger\/","https:\/\/www.youtube.com\/@windpassenger"],"description":"A Windpassenger\u00ae dedica-se \u00e0 realiza\u00e7\u00e3o de voos de bal\u00e3o de ar quente em Portugal, proporcionando experi\u00eancias exclusivas ao nascer do sol. Com elevados padr\u00f5es de seguran\u00e7a e uma vasta experi\u00eancia na opera\u00e7\u00e3o de voos comerciais, oferece viagens inesquec\u00edveis sobre paisagens ic\u00f3nicas como Alentejo, Monsaraz, Alqueva, Lisboa region, Coruche, Costa Azul, Alc\u00e1cer do Sal, Comporta, e a Algarve","email":"geral@windpassenger.pt","telephone":"(+351) 243 660 006","legalName":"Windpassenger\u00ae | Passageiros do Vento Lda","foundingDate":"2002-11-11","vatID":"PT510523080","numberOfEmployees":{"@type":"QuantitativeValue","minValue":"1","maxValue":"10"}}]}},"_links":{"self":[{"href":"https:\/\/windpassenger.pt\/en\/wp-json\/wp\/v2\/galeria\/3348","targetHints":{"allow":["GET"]}}],"collection":[{"href":"https:\/\/windpassenger.pt\/en\/wp-json\/wp\/v2\/galeria"}],"about":[{"href":"https:\/\/windpassenger.pt\/en\/wp-json\/wp\/v2\/types\/galeria"}],"wp:featuredmedia":[{"embeddable":true,"href":"https:\/\/windpassenger.pt\/en\/wp-json\/wp\/v2\/media\/3451"}],"wp:attachment":[{"href":"https:\/\/windpassenger.pt\/en\/wp-json\/wp\/v2\/media?parent=3348"}],"wp:term":[{"taxonomy":"galeria-category","embeddable":true,"href":"https:\/\/windpassenger.pt\/en\/wp-json\/wp\/v2\/galeria-category?post=3348"}],"curies":[{"name":"wp","href":"https:\/\/api.w.org\/{rel}","templated":true}]}}

<!-- This site is optimized with the Yoast SEO Premium plugin v27.4 (Yoast SEO v27.4) - https://yoast.com/product/yoast-seo-premium-wordpress/ -->
<title>Porto - Windpassenger</title>
<meta name="robots" content="index, follow, max-snippet:-1, max-image-preview:large, max-video-preview:-1" />
<link rel="canonical" href="https://windpassenger.pt/en/galeria/porto/" />
<meta property="og:locale" content="en_US" />
<meta property="og:type" content="article" />
<meta property="og:title" content="Porto" />
<meta property="og:description" content="Lorem ipsum dolor sit amet, consectetur adipiscing elit, sed do eiusmod tempor incididunt ut labore et dolore magna aliqua. Ut enim ad minim veniam, quis nostrud exercitation ullamco laboris nisi ut aliquip ex ea commodo consequat. Duis aute irure dolor in reprehenderit in voluptate velit esse cillum dol." />
<meta property="og:url" content="https://windpassenger.pt/en/galeria/porto/" />
<meta property="og:site_name" content="Windpassenger" />
<meta property="article:publisher" content="https://www.facebook.com/windpassenger" />
<meta property="article:modified_time" content="2025-12-26T09:18:34+00:00" />
<meta property="og:image" content="https://windpassenger.pt/wp-content/uploads/2025/12/Porto-Feature-IMG.png" />
	<meta property="og:image:width" content="399" />
	<meta property="og:image:height" content="447" />
	<meta property="og:image:type" content="image/png" />
<meta name="twitter:card" content="summary_large_image" />
<script type="application/ld+json" class="yoast-schema-graph">{"@context":"https:\/\/schema.org","@graph":[{"@type":"WebPage","@id":"https:\/\/windpassenger.pt\/en\/galeria\/porto\/","url":"https:\/\/windpassenger.pt\/en\/galeria\/porto\/","name":"Porto - Windpassenger","isPartOf":{"@id":"https:\/\/windpassenger.pt\/en\/#website"},"primaryImageOfPage":{"@id":"https:\/\/windpassenger.pt\/en\/galeria\/porto\/#primaryimage"},"image":{"@id":"https:\/\/windpassenger.pt\/en\/galeria\/porto\/#primaryimage"},"thumbnailUrl":"https:\/\/windpassenger.pt\/wp-content\/uploads\/2025\/12\/Porto-Feature-IMG.png","datePublished":"2025-12-25T15:36:31+00:00","dateModified":"2025-12-26T09:18:34+00:00","breadcrumb":{"@id":"https:\/\/windpassenger.pt\/en\/galeria\/porto\/#breadcrumb"},"inLanguage":"en-US","potentialAction":[{"@type":"ReadAction","target":["https:\/\/windpassenger.pt\/en\/galeria\/porto\/"]}]},{"@type":"ImageObject","inLanguage":"en-US","@id":"https:\/\/windpassenger.pt\/en\/galeria\/porto\/#primaryimage","url":"https:\/\/windpassenger.pt\/wp-content\/uploads\/2025\/12\/Porto-Feature-IMG.png","contentUrl":"https:\/\/windpassenger.pt\/wp-content\/uploads\/2025\/12\/Porto-Feature-IMG.png","width":399,"height":447},{"@type":"BreadcrumbList","@id":"https:\/\/windpassenger.pt\/en\/galeria\/porto\/#breadcrumb","itemListElement":[{"@type":"ListItem","position":1,"name":"Home","item":"https:\/\/windpassenger.pt\/"},{"@type":"ListItem","position":2,"name":"Galeria","item":"https:\/\/windpassenger.pt\/galeria\/"},{"@type":"ListItem","position":3,"name":"Porto"}]},{"@type":"WebSite","@id":"https:\/\/windpassenger.pt\/en\/#website","url":"https:\/\/windpassenger.pt\/en\/","name":"Windpassenger | Viagens de balão de ar quente Portugal","description":"","publisher":{"@id":"https:\/\/windpassenger.pt\/en\/#organization"},"potentialAction":[{"@type":"SearchAction","target":{"@type":"EntryPoint","urlTemplate":"https:\/\/windpassenger.pt\/en\/?s={search_term_string}"},"query-input":{"@type":"PropertyValueSpecification","valueRequired":true,"valueName":"search_term_string"}}],"inLanguage":"en-US"},{"@type":"Organization","@id":"https:\/\/windpassenger.pt\/en\/#organization","name":"Windpassenger®","alternateName":"Windpassenger, Wind Passenger, Passageiros do Vento,","url":"https:\/\/windpassenger.pt\/en\/","logo":{"@type":"ImageObject","inLanguage":"en-US","@id":"https:\/\/windpassenger.pt\/en\/#\/schema\/logo\/image\/","url":"https:\/\/windpassenger.pt\/wp-content\/uploads\/2025\/11\/logo-windpassenger-header.svg","contentUrl":"https:\/\/windpassenger.pt\/wp-content\/uploads\/2025\/11\/logo-windpassenger-header.svg","width":122.51699999999999590727384202182292938232421875,"height":145.99799999999999045030563138425350189208984375,"caption":"Windpassenger®"},"image":{"@id":"https:\/\/windpassenger.pt\/en\/#\/schema\/logo\/image\/"},"sameAs":["https:\/\/www.facebook.com\/windpassenger","https:\/\/www.instagram.com\/windpassenger\/","https:\/\/www.youtube.com\/@windpassenger"],"description":"A Windpassenger® dedica-se à realização de voos de balão de ar quente em Portugal, proporcionando experiências exclusivas ao nascer do sol. Com elevados padrões de segurança e uma vasta experiência na operação de voos comerciais, oferece viagens inesquecíveis sobre paisagens icónicas como Alentejo, Monsaraz, Alqueva, Lisboa region, Coruche, Costa Azul, Alcácer do Sal, Comporta, e a Algarve","email":"geral@windpassenger.pt","telephone":"(+351) 243 660 006","legalName":"Windpassenger® | Passageiros do Vento Lda","foundingDate":"2002-11-11","vatID":"PT510523080","numberOfEmployees":{"@type":"QuantitativeValue","minValue":"1","maxValue":"10"}}]}</script>
<!-- / Yoast SEO Premium plugin. -->

Windpassenger | Viagens de balão de ar quente Portugal

A Windpassenger® dedica-se à realização de voos de balão de ar quente em Portugal, proporcionando experiências exclusivas ao nascer do sol. Com elevados padrões de segurança e uma vasta experiência na operação de voos comerciais, oferece viagens inesquecíveis sobre paisagens icónicas como Alentejo, Monsaraz, Alqueva, Lisboa region, Coruche, Costa Azul, Alcácer do Sal, Comporta, e a Algarve
